1406 is divided by 32?
30
Calculate the remainder when 716 is divided by 38.
32
Calculate the remainder when 379 is divided by 26.
15
Calculate the remainder when 74 is divided by 11.
8
What is the remainder when 1172 is divided by 24?
20
Calculate the remainder when 573 is divided by 82.
81
What is the remainder when 360 is divided by 356?
4
What is the remainder when 87 is divided by 63?
24
Calculate the remainder when 117 is divided by 32.
21
Calculate the remainder when 669 is divided by 261.
147
What is the remainder when 228 is divided by 31?
11
Calculate the remainder when 98 is divided by 60.
38
Calculate the remainder when 107 is divided by 46.
15
What is the remainder when 526 is divided by 68?
50
Calculate the remainder when 107 is divided by 68.
39
Calculate the remainder when 97 is divided by 77.
20
Calculate the remainder when 958 is divided by 38.
8
What is the remainder when 163 is divided by 83?
80
Calculate the remainder when 518 is divided by 58.
54
Calculate the remainder when 310 is divided by 78.
76
What is the remainder when 1292 is divided by 16?
12
Calculate the remainder when 605 is divided by 452.
153
Calculate the remainder when 953 is divided by 105.
8
What is the remainder when 185 is divided by 25?
10
What is the remainder when 452 is divided by 17?
10
What is the remainder when 1233 is divided by 615?
3
What is the remainder when 173 is divided by 15?
8
What is the remainder when 109 is divided by 28?
25
What is the remainder when 173 is divided by 5?
3
What is the remainder when 4804 is divided by 8?
4
What is the remainder when 1049 is divided by 263?
260
What is the remainder when 43 is divided by 20?
3
What is the remainder when 188 is divided by 3?
2
What is the remainder when 502 is divided by 57?
46
What is the remainder when 38 is divided by 7?
3
What is the remainder when 453 is divided by 65?
63
Calculate the remainder when 364 is divided by 89.
8
What is the remainder when 5709 is divided by 68?
65
What is the remainder when 829 is divided by 825?
4
Calculate the remainder when 477 is divided by 2.
1
What is the remainder when 29 is divided by 8?
5
What is the remainder when 342 is divided by 7?
6
Calculate the remainder when 288 is divided by 28.
8
Calculate the remainder when 1152 is divided by 77.
74
What is the remainder when 1363 is divided by 438?
49
Calculate the remainder when 30 is divided by 11.
8
Calculate the remainder when 97 is divided by 57.
40
Calculate the remainder when 1177 is divided by 131.
129
What is the remainder when 56 is divided by 31?
25
What is the remainder when 185 is divided by 22?
9
Calculate the remainder when 1190 is divided by 92.
86
Calculate the remainder when 1738 is divided by 173.
8
Calculate the remainder when 2097 is divided by 60.
57
Calculate the remainder when 130 is divided by 50.
30
Calculate the remainder when 71 is divided by 31.
9
Calculate the remainder when 68 is divided by 26.
16
What is the remainder when 470 is divided by 118?
116
What is the remainder when 418 is divided by 125?
43
Calculate the remainder when 770 is divided by 37.
30
What is the remainder when 30 is divided by 23?
7
What is the remainder when 484 is divided by 18?
16
Calculate the remainder when 782 is divided by 259.
5
What is the remainder when 63 is divided by 18?
9
Calculate the remainder when 4821 is divided by 1202.
13
Calculate the remainder when 106 is divided by 23.
14
What is the remainder when 237 is divided by 24?
21
Calculate the remainder when 1340 is divided by 39.
14
What is the remainder when 6390 is divided by 12?
6
What is the remainder when 442 is divided by 76?
62
Calculate the remainder when 418 is divided by 30.
28
What is the remainder when 7944 is divided by 58?
56
Calculate the remainder when 496 is divided by 46.
36
Calculate the remainder when 104 is divided by 44.
16
Calculate the remainder when 64 is divided by 63.
1
Calculate the remainder when 550 is divided by 24.
22
Calculate the remainder when 1608 is divided by 35.
33
Calculate the remainder when 155 is divided by 85.
70
What is the remainder when 9224 is divided by 7?
5
Calculate the remainder when 278 is divided by 173.
105
Calculate the remainder when 1164 is divided by 165.
9
What is the remainder when 2817 is divided by 256?
1
Calculate the remainder when 1919 is divided by 160.
159
Calculate the remainder when 985 is divided by 98.
5
Calculate the remainder when 685 is divided by 684.
1
Calculate the remainder when 2495 is divided by 156.
155
What is the remainder when 1196 is divided by 297?
8
What is the remainder when 318 is divided by 32?
30
Calculate the remainder when 121 is divided by 4.
1
Calculate the remainder when 430 is divided by 72.
70
Calculate the remainder when 152 is divided by 5.
2
What is the remainder when 31 is divided by 15?
1
What is the remainder when 441 is divided by 98?
49
What is the remainder when 1189 is divided by 80?
69
What is the remainder when 22700 is divided by 161?
160
Calculate the remainder when 359 is divided by 52.
47
Calculate the remainder when 420 is divided by 192.
36
What is the remainder when 2858 is divided by 106?
102
What is the remainder when 18 is divided by 15?
3
Calculate the remainder when 236 is divided by 29.
4
What is the remainder when 487 is divided by 25?
12
Calculate the remainder when 703 is divided by 93.
52
Calculate the remainder when 646 is divided by 111.
91
What is the remainder when 620 is divided by 193?
41
What is the remainder when 80 is divided by 25?
5
What is the remainder when 896 is divided by 20?
16
What is the remainder when 853 is divided by 179?
137
Calculate the remainder when 246 is divided by 13.
12
Calculate the remainder when 370 is divided by 6.
4
Calculate the remainder when 218 is divided by 17.
14
Calculate the remainder when 857 is divided by 93.
20
What is the remainder when 2150 is divided by 12?
2
What is the remainder when 506 is divided by 14?
2
What is the remainder when 55 is divided by 32?
23
Calculate the remainder when 5836 is divided by 25.
11
What is the remainder when 265 is divided by 37?
6
Calculate the remainder when 194 is divided by 18.
14
What is the remainder when 1374 is divided by 32?
30
Calculate the remainder when 2789 is divided by 31.
30
Calculate the remainder when 511 is divided by 64.
63
What is the remainder when 16538 is divided by 111?
110
What is the remainder when 76 is divided by 57?
19
Calculate the remainder when 3804 is divided by 83.
69
Calculate the remainder when 5465 is divided by 76.
69
Calculate the remainder when 101 is divided by 15.
11
Calculate the remainder when 771 is divided by 15.
6
What is the remainder when 19 is divided by 5?
4
Calculate the remainder when 59 is divided by 30.
29
What is the remainder when 1585 is divided by 330?
265
What is the remainder when 68 is divided by 37?
31
What is the remainder when 562 is divided by 36?
22
What is the remainder when 186 is divided by 11?
10
Calculate the remainder when 364 is divided by 61.
59
Calculate the remainder when 243 is divided by 9.
0
Calculate the remainder when 254 is divided by 62.
6
What is the remainder when 629 is divided by 106?
99
What is the remainder when 2546 is divided by 319?
313
Calculate the remainder when 431 is divided by 27.
26
What is the remainder when 147 is divided by 67?
13
Calculate the remainder when 236 is divided by 3.
2
What is the remainder when 2410 is divided by 6?
4
Calculate the remainder when 2504 is divided by 279.
272
What is the remainder when 6663 is divided by 28?
27
Calculate the remainder when 24777 is divided by 35.
32
What is the remainder when 93 is divided by 5?
3
What is the remainder when 491 is divided by 243?
5
Calculate the remainder when 187 is divided by 19.
16
Calculate the remainder when 1741 is divided by 92.
85
Calculate the remainder when 3689 is divided by 68.
17
Calculate the remainder when 3741 is divided by 96.
93
What is the remainder when 867 is divided by 124?
123
Calculate the remainder when 1214 is divided by 180.
134
Calculate the remainder when 82 is divided by 27.
1
What is the remainder when 174 is divided by 11?
9
What is the remainder when 10988 is divided by 16?
12
Calculate the remainder when 153 is divided 